{"id":8200,"date":"2022-12-15T15:46:45","date_gmt":"2022-12-15T14:46:45","guid":{"rendered":"http:\/\/www.terres-et-seigneurs-en-donziais.fr\/?page_id=8200"},"modified":"2025-02-26T09:42:57","modified_gmt":"2025-02-26T08:42:57","slug":"seigneuries-voisines-du-donziais","status":"publish","type":"page","link":"http:\/\/www.terres-et-seigneurs-en-donziais.fr\/?page_id=8200","title":{"rendered":"Seigneuries voisines du Donziais"},"content":{"rendered":"<p><span style=\"font-size: 14pt; color: #0000ff;\"><strong>Articles et notices concernant des fiefs, seigneuries et ch\u00e2teaux ext\u00e9rieurs au Donziais mais proches :<\/strong><\/span><\/p>\n<ul>\n<li><a href=\"http:\/\/www.terres-et-seigneurs-en-donziais.fr\/?p=8214\" target=\"_blank\" rel=\"noopener\"><span style=\"font-size: 14pt; color: #ff0000;\"><strong><em>Arthel<\/em><\/strong><\/span><\/a><\/li>\n<li><a href=\"http:\/\/www.terres-et-seigneurs-en-donziais.fr\/?p=9138\" target=\"_blank\" rel=\"noopener\"><em><strong><span style=\"font-size: 14pt;\">Asnois<\/span><\/strong><\/em><\/a><\/li>\n<li><a href=\"http:\/\/www.terres-et-seigneurs-en-donziais.fr\/?p=6258\" target=\"_blank\" rel=\"noopener\"><span style=\"font-size: 14pt; color: #ff0000;\"><strong><em>Bulcy<\/em><\/strong><\/span><\/a><\/li>\n<li><a href=\"http:\/\/www.terres-et-seigneurs-en-donziais.fr\/?p=8236\" target=\"_blank\" rel=\"noopener\"><strong><em><span style=\"font-size: 14pt;\">Charant (Mesves &#8211; P. de La Charit\u00e9)<\/span><\/em><\/strong><\/a><\/li>\n<li><a href=\"http:\/\/www.terres-et-seigneurs-en-donziais.fr\/?p=8186\" target=\"_blank\" rel=\"noopener\"><strong><em><span style=\"font-size: 14pt;\">Chazeuil<\/span><\/em><\/strong><\/a><\/li>\n<li><a href=\"http:\/\/www.terres-et-seigneurs-en-donziais.fr\/?p=8236\" target=\"_blank\" rel=\"noopener\"><em><strong><span style=\"font-size: 14pt;\">G\u00e9rigny (La Charit\u00e9 &#8211; P. de La Charit\u00e9)<\/span><\/strong><\/em><\/a><\/li>\n<li><a href=\"http:\/\/www.terres-et-seigneurs-en-donziais.fr\/?p=8314\" target=\"_blank\" rel=\"noopener\"><span style=\"font-size: 14pt;\"><strong><em>Giry<\/em><\/strong><\/span><\/a><\/li>\n<li><a href=\"http:\/\/www.terres-et-seigneurs-en-donziais.fr\/wp-content\/uploads\/2022\/12\/La-Maison-Fort-La-Marche.pdf\" target=\"_blank\" rel=\"noopener\"><span style=\"font-size: 14pt;\"><em><strong>La Maison-Fort (La Marche)<\/strong><\/em><\/span><\/a><\/li>\n<li><a href=\"http:\/\/www.terres-et-seigneurs-en-donziais.fr\/?p=8236\" target=\"_blank\" rel=\"noopener\"><span style=\"font-size: 14pt;\"><strong><em>La Pointe (La Charit\u00e9 &#8211; P. de La Charit\u00e9)<\/em><\/strong><\/span><\/a><\/li>\n<li><a href=\"http:\/\/www.terres-et-seigneurs-en-donziais.fr\/?p=5469\" target=\"_blank\" rel=\"noopener\"><span style=\"font-size: 14pt;\"><strong><em>Marcy<\/em><\/strong><\/span><\/a><\/li>\n<li><a href=\"http:\/\/www.terres-et-seigneurs-en-donziais.fr\/?p=8236\" target=\"_blank\" rel=\"noopener\"><span style=\"font-size: 14pt;\"><strong><em>Maurepoux (Narcy &#8211; P. de La Charit\u00e9)<\/em><\/strong><\/span><\/a><\/li>\n<li><strong><em><span style=\"font-size: 14pt;\"><a href=\"http:\/\/www.terres-et-seigneurs-en-donziais.fr\/?p=3006\" target=\"_blank\" rel=\"noopener\">Merry (La Tour) (Merry-sur-Yonne, ct\u00e9 d&rsquo;Auxerre)<\/a><\/span><\/em><\/strong><\/li>\n<li><a href=\"http:\/\/www.terres-et-seigneurs-en-donziais.fr\/?p=8236\" target=\"_blank\" rel=\"noopener\"><span style=\"font-size: 14pt;\"><em><strong>Mignard (Narcy &#8211; P. de La Charit\u00e9)<\/strong><\/em><\/span><\/a><\/li>\n<li><a href=\"http:\/\/www.terres-et-seigneurs-en-donziais.fr\/?p=8236\" target=\"_blank\" rel=\"noopener\"><span style=\"font-size: 14pt;\"><strong><em>Narcy (P. de La Charit\u00e9)<\/em><\/strong><\/span><\/a><\/li>\n<li><a href=\"http:\/\/www.terres-et-seigneurs-en-donziais.fr\/?p=5797\" target=\"_blank\" rel=\"noopener\"><span style=\"font-size: 14pt;\"><em><strong>Passy-les-Tours (Varennes-les-N.)<\/strong><\/em><\/span><\/a><\/li>\n<li><em><strong><span style=\"font-size: 14pt;\"><a href=\"http:\/\/www.terres-et-seigneurs-en-donziais.fr\/?p=7755\" target=\"_blank\" rel=\"noopener\">Pressures (Clamecy)<\/a><\/span><\/strong><\/em><\/li>\n<li><span style=\"font-size: 14pt;\"><strong><em><a href=\"http:\/\/www.terres-et-seigneurs-en-donziais.fr\/?p=7161\" target=\"_blank\" rel=\"noopener\">Saint-Pierre-du-Mont<\/a><\/em><\/strong><\/span><\/li>\n<li><a href=\"http:\/\/www.terres-et-seigneurs-en-donziais.fr\/?s=trucy\" target=\"_blank\" rel=\"noopener\"><span style=\"font-size: 14pt;\"><strong><em>Trucy-l&rsquo;Orgueilleux<\/em><\/strong><\/span><\/a><\/li>\n<li><a href=\"http:\/\/www.terres-et-seigneurs-en-donziais.fr\/?p=8236\" target=\"_blank\" rel=\"noopener\"><span style=\"font-size: 14pt;\"><em><strong>Ville (Narcy &#8211; P. de La Charit\u00e9)<\/strong><\/em><\/span><\/a><\/li>\n<li><a href=\"http:\/\/www.terres-et-seigneurs-en-donziais.fr\/?p=9024\" target=\"_blank\" rel=\"noopener\"><span style=\"font-size: 14pt;\"><em><strong>Villiers-le-Sec<\/strong><\/em><\/span><\/a><\/li>\n<\/ul>\n","protected":false},"excerpt":{"rendered":"<p>Articles et notices concernant des fiefs, seigneuries et ch\u00e2teaux ext\u00e9rieurs au Donziais mais proches : Arthel Asnois Bulcy Charant (Mesves &#8211; P. de La Charit\u00e9) Chazeuil G\u00e9rigny (La Charit\u00e9 &#8211; P. de La Charit\u00e9) Giry La Maison-Fort (La Marche) La Pointe (La Charit\u00e9 &#8211; P. de La Charit\u00e9) Marcy Maurepoux (Narcy &#8211; P. de La &hellip; <a href=\"http:\/\/www.terres-et-seigneurs-en-donziais.fr\/?page_id=8200\" class=\"more-link\">Continuer la lecture de <span class=\"screen-reader-text\">Seigneuries voisines du Donziais<\/span> <span class=\"meta-nav\">&rarr;<\/span><\/a><\/p>\n","protected":false},"author":1,"featured_media":0,"parent":1712,"menu_order":4,"comment_status":"closed","ping_status":"closed","template":"","meta":[],"_links":{"self":[{"href":"http:\/\/www.terres-et-seigneurs-en-donziais.fr\/index.php?rest_route=\/wp\/v2\/pages\/8200"}],"collection":[{"href":"http:\/\/www.terres-et-seigneurs-en-donziais.fr\/index.php?rest_route=\/wp\/v2\/pages"}],"about":[{"href":"http:\/\/www.terres-et-seigneurs-en-donziais.fr\/index.php?rest_route=\/wp\/v2\/types\/page"}],"author":[{"embeddable":true,"href":"http:\/\/www.terres-et-seigneurs-en-donziais.fr\/index.php?rest_route=\/wp\/v2\/users\/1"}],"replies":[{"embeddable":true,"href":"http:\/\/www.terres-et-seigneurs-en-donziais.fr\/index.php?rest_route=%2Fwp%2Fv2%2Fcomments&post=8200"}],"version-history":[{"count":22,"href":"http:\/\/www.terres-et-seigneurs-en-donziais.fr\/index.php?rest_route=\/wp\/v2\/pages\/8200\/revisions"}],"predecessor-version":[{"id":9405,"href":"http:\/\/www.terres-et-seigneurs-en-donziais.fr\/index.php?rest_route=\/wp\/v2\/pages\/8200\/revisions\/9405"}],"up":[{"embeddable":true,"href":"http:\/\/www.terres-et-seigneurs-en-donziais.fr\/index.php?rest_route=\/wp\/v2\/pages\/1712"}],"wp:attachment":[{"href":"http:\/\/www.terres-et-seigneurs-en-donziais.fr\/index.php?rest_route=%2Fwp%2Fv2%2Fmedia&parent=8200"}],"curies":[{"name":"wp","href":"https:\/\/api.w.org\/{rel}","templated":true}]}}