{"id":720,"date":"2015-06-01T08:21:13","date_gmt":"2015-06-01T07:21:13","guid":{"rendered":"http:\/\/www.terres-et-seigneurs-en-donziais.fr\/?page_id=720"},"modified":"2024-12-09T14:42:54","modified_gmt":"2024-12-09T13:42:54","slug":"chatellenie-detais-2","status":"publish","type":"page","link":"http:\/\/www.terres-et-seigneurs-en-donziais.fr\/?page_id=720","title":{"rendered":"Ch\u00e2tellenie d&rsquo;Etais"},"content":{"rendered":"<p><strong><span style=\"font-size: 18px;\"><span style=\"color: #0000cd;\">Ci-dessous la liste des fiefs \u00e9tudi\u00e9s, class\u00e9s par commune\u00a0:<\/span><\/span><\/strong><\/p>\n<p><span style=\"color: #0000cd;\"><span style=\"font-size: 16px;\">&#8211; <strong>Etais-la-Sauvin<\/strong><\/span><\/span><\/p>\n<p><span style=\"color: #0000cd;\"><span style=\"font-size: 16px;\">\u00a0\u00a0 \u00a0<\/span><\/span><a href=\"http:\/\/www.terres-et-seigneurs-en-donziais.fr\/?p=112\"><span style=\"color: #ff0000;\"><span style=\"font-size: 16px;\"><strong><em>* Le Colombier<\/em><\/strong><\/span><\/span><\/a><\/p>\n<p>*<strong><em><a href=\"http:\/\/www.terres-et-seigneurs-en-donziais.fr\/?p=6940\" target=\"_blank\" rel=\"noopener\"> Chevigny<\/a><\/em><\/strong><\/p>\n","protected":false},"excerpt":{"rendered":"<p>Ci-dessous la liste des fiefs \u00e9tudi\u00e9s, class\u00e9s par commune\u00a0: &#8211; Etais-la-Sauvin \u00a0\u00a0 \u00a0* Le Colombier * Chevigny<\/p>\n","protected":false},"author":1,"featured_media":0,"parent":3071,"menu_order":4,"comment_status":"open","ping_status":"open","template":"","meta":[],"_links":{"self":[{"href":"http:\/\/www.terres-et-seigneurs-en-donziais.fr\/index.php?rest_route=\/wp\/v2\/pages\/720"}],"collection":[{"href":"http:\/\/www.terres-et-seigneurs-en-donziais.fr\/index.php?rest_route=\/wp\/v2\/pages"}],"about":[{"href":"http:\/\/www.terres-et-seigneurs-en-donziais.fr\/index.php?rest_route=\/wp\/v2\/types\/page"}],"author":[{"embeddable":true,"href":"http:\/\/www.terres-et-seigneurs-en-donziais.fr\/index.php?rest_route=\/wp\/v2\/users\/1"}],"replies":[{"embeddable":true,"href":"http:\/\/www.terres-et-seigneurs-en-donziais.fr\/index.php?rest_route=%2Fwp%2Fv2%2Fcomments&post=720"}],"version-history":[{"count":10,"href":"http:\/\/www.terres-et-seigneurs-en-donziais.fr\/index.php?rest_route=\/wp\/v2\/pages\/720\/revisions"}],"predecessor-version":[{"id":9284,"href":"http:\/\/www.terres-et-seigneurs-en-donziais.fr\/index.php?rest_route=\/wp\/v2\/pages\/720\/revisions\/9284"}],"up":[{"embeddable":true,"href":"http:\/\/www.terres-et-seigneurs-en-donziais.fr\/index.php?rest_route=\/wp\/v2\/pages\/3071"}],"wp:attachment":[{"href":"http:\/\/www.terres-et-seigneurs-en-donziais.fr\/index.php?rest_route=%2Fwp%2Fv2%2Fmedia&parent=720"}],"curies":[{"name":"wp","href":"https:\/\/api.w.org\/{rel}","templated":true}]}}